r when 491 is divided by (-2)/9 + v*(-40)/36?
11
Let w = 84 + -57. Let i(a) = 76*a**3 + 2*a**2 + 110*a - 110. What is the remainder when i(1) is divided by w?
24
Let y = -923 + 491. Let l = 496 + y. What is the remainder when l is divided by 23?
18
Let k = 11182 + -10711. Calculate the remainder when 1894 is divided by k.
10
Suppose -3*b = -5*n - 35 + 154, 0 = -2*b + 4. Calculate the remainder when 43 is divided by n.
18
Let r = 721 - 704. What is the remainder when 7477 is divided by r?
14
Let q = 24 - 18. Suppose 4*v - q*n = -4*n + 34, 3*n + 33 = 3*v. Let j = v + 18. What is the remainder when j is divided by 5?
4
Let j be (-10 + 7 - (-6)/1) + -21. Let a = j + 154. Suppose 3*y - 7*y + q = -a, -y = q - 34. Calculate the remainder when y is divided by 20.
14
Let b = -1608 - -1624. Let a = 4 - 2. Suppose -a*l = -l - 62. Calculate the remainder when l is divided by b.
14
Let u = -302 - -434. Let b = u - -76. What is the remainder when b is divided by 15?
13
Suppose 225 = 29*l - 24*l. Calculate the remainder when -65 + 71 + 307/1 is divided by l.
43
Suppose -5*l - 5*j - 25 = -705, -4*l + 2*j = -514. Calculate the remainder when 562 is divided by l.
38
Suppose 20*o - 859 = 61. Let d(c) = -29*c**3 - c**2 + 4*c + 3. Let j be d(-2). Let n = -135 + j. What is the remainder when n is divided by o?
42
Suppose 0 = 11*l - 26*l - 13*l + 7252. What is the remainder when l is divided by 105?
49
Suppose -4*g + l = -732, 4*l = 17*g - 14*g - 562. Calculate the remainder when 349 is divided by g.
167
Let n(i) = 15*i**3 - 8*i**2 - 128*i + 458. Calculate the remainder when n(3) is divided by 7.
1
Let z be ((-55)/(-44) + -5)/(3/(-4)). Suppose 0 = z*b - 3*n - 110, 0 = -3*b - 4*n - n + 32. What is the remainder when 75 is divided by b?
18
Let m(z) = 343*z + 7117. Calculate the remainder when m(22) is divided by 104.
103
Calculate the remainder when 12/(-21)*(-15309)/54 is divided by 52.
6
Calculate the remainder when (-34)/(-1) + (0 - -2) is divided by ((-6)/15 - 17)*(-5)/3.
7
What is the remainder when 4 - (6 + -5)*-13 is divided by ((-3)/6 + 1)/((-2)/(-40))?
7
Suppose 3*p + 9 = -0. Let i be (p - (-1)/2)/((-3)/(-138)). Calculate the remainder when 15 is divided by 69/i + (-2)/((-20)/66).
3
Suppose 3*i + 2*q - 273 = 0, -2*i + 462 = 3*i + q. Suppose 0 = 4*n - 2*r - 92, 0 = 5*n + 7*r - 4*r - i. What is the remainder when 334 is divided by n?
19
Let s(p) = -p**3 + 3*p**2 - 6*p + 4. Let j be s(1). Suppose j = 6*n + 390 - 498. Calculate the remainder when 124 is divided by n.
16
Let f(l) = 3*l**2 - 8*l + 5. What is the remainder when 8156 is divided by f(4)?
8
Let y = -6432 + 6538. Calculate the remainder when 480 is divided by y.
56
Let t = 75998 - 75994. Calculate the remainder when ((-5)/10)/(2/(-264)) is divided by t.
2
Suppose 0 = 10*g - 4256 + 3946. Calculate the remainder when 1268 is divided by g.
28
Let o(u) be the third derivative of u**6/30 - u**5/15 - 3*u**4/8 + 5*u**3 - 41*u**2 + 2*u. What is the remainder when o(5) is divided by 43?
41
What is the remainder when (-3)/(5/915*-3) is divided by 61?
0
Suppose 0 = -8*w + 672 - 160. What is the remainder when 346 is divided by w?
26
Let i = 13789 - 13725. Calculate the remainder when 140 is divided by i.
12
Suppose -219*w + 3452 = -214*w - r, -2*w + 1370 = 5*r. Calculate the remainder when w is divided by 63.
60
Calculate the remainder when 767 is divided by (-12)/(-8) - (15 - (-246)/(-4)).
47
Suppose -1151 = -9*q - 44. Let v = q + -119. Suppose 3*r + r = 44. What is the remainder when r is divided by v?
3
Suppose -12*x - 5*x + 1344 = -3*x. Calculate the remainder when x is divided by 15.
6
Let i(y) = 9*y**2 - 3*y. Let h be i(2). Suppose n - 29 = h. Calculate the remainder when n is divided by 18/24*-2 - (-33)/2.
14
Let k(f) be the first derivative of 3*f**3 - 3*f**2/2 + 4*f - 1. Suppose 0 = 22*g - 680 + 130. Calculate the remainder when k(-3) is divided by g.
19
Let d = -63 - -139. Let m be ((-36)/(-8))/(2/28). Let y = d - m. Calculate the remainder when y is divided by 4.
1
Let r(x) = x**3 + 24*x**2 + 38*x - 110. Let m = 31 - 27. Calculate the remainder when 299/m + (-7)/(-28) is divided by r(-22).
9
Suppose -8*h + 593 = -4127. Calculate the remainder when h is divided by 192.
14
Suppose -45789*w = -45844*w + 6820. Calculate the remainder when 2085 is divided by w.
101
Suppose -5*l = -0*u - 4*u + 36, -3*u + 38 = -l. Suppose -u*s + 21*s - 364 = 0. What is the remainder when 205 is divided by s?
49
Let y(l) = l**3 + 8. Suppose 4*w - 668 = -4*f, -w + 971 = 5*f + 116. Suppose 25*b - f = 3. Calculate the remainder when y(0) is divided by b.
1
Let q(i) = -i**3 - 6*i**2 - 13*i - 5. Suppose 0 = 3*f - 17 - 58. Let u = f + -19. What is the remainder when q(-5) is divided by u?
5
Suppose 0 = 2*y + y - 3*w - 189, 2*y + w = 132. Let u = 4 + 10. Let g = u + -8. What is the remainder when y is divided by g?
5
Let n = -277 - -294. Suppose -2*k + 18 = 4*k. Suppose 0 = -k*p + 2*p + 10. What is the remainder when n is divided by p?
7
Let f(p) = -2*p**3 - 208*p**2 + 176. Calculate the remainder when 22348 is divided by f(-104).
172
Let u(l) = -3*l**2 + 5*l - 6. Let x be u(4). Suppose 29*o = 32*o - 216. Let m = o + x. What is the remainder when m is divided by 14?
10
Let j = 1488 + -1463. Calculate the remainder when 204 is divided by j.
4
What is the remainder when 5/2*(-64)/(-20) - -1285 is divided by 39?
6
Suppose -3*q + 0*w + 6 = 3*w, 5*q - 30 = 5*w. Suppose -q*r - 397 = o - 6*o, 0 = r + 3. Let j = o + -53. Calculate the remainder when j is divided by 7.
3
What is the remainder when 946 is divided by (-18)/12*(6 + -30 + -4)?
22
Let a(r) = 66*r**2 - 7*r + 10. Let h be a(2). What is the remainder when 88 is divided by 3/((-6)/15 - (-134)/h)?
10
Suppose -3*f + 25053 = 24567. What is the remainder when f is divided by 22?
8
Suppose -3*h - 20 = -4*h. Let b be (12/(-7))/((-66)/231). Let j(z) = 22*z - 77. What is the remainder when j(b) is divided by h?
15
Let p(g) = -5*g**3 - 3*g**2 + 4*g - 83. What is the remainder when p(-5) is divided by 68?
39
Let i(x) = x**3 + 39*x**2 + 273*x + 62. Calculate the remainder when i(-23) is divided by 15.
12
Let d = 17623 + -6160. Calculate the remainder when d is divided by 14.
11
Let h(z) = -6*z - 36. Let b be 8/20 + (-1239)/(-15). Let t = 152 - b. What is the remainder when t is divided by h(-8)?
9
Suppose 3 = 4*f + 5*o, f + o = -2*f + 5. Suppose -f*u + 3*u = 153. What is the remainder when u is divided by 40?
33
Suppose 14*o - 11*o + 5*b = -1, -b - 11 = -3*o. Calculate the remainder when (-1190)/(-10) - (o - 10) is divided by 43.
40
Suppose -b - 72 = -4*v + 3*b, -3*b = -5*v + 96. Suppose -203*h + 204 = -201*h + 2*q, 0 = h - q - 100. Calculate the remainder when h is divided by v.
17
Let d = -3 - 0. Let i(o) = -o**2 + 37*o - 168. What is the remainder when i(28) is divided by 160/6 + 2/d?
6
Suppose -4*p = -3*p - 10. Let b = 1742 - 1738. Suppose -588 = -b*x - p*x. What is the remainder when 82 is divided by x?
40
Suppose 4*o = 29*j - 30*j - 7, 4*j - 26 = 2*o. What is the remainder when 46 is divided by 87/24 + 3 - o/8?
4
Suppose -4*a + 7*r = 9*r - 1054, -5*r - 5 = 0. Calculate the remainder when a is divided by 50.
14
Suppose 10725 = 455*u - 180*u. Calculate the remainder when 586 is divided by u.
1
Let m(x) = -7*x + 31. Suppose -3*p - 115 = 5*b, -77 = 9*b - 7*b - 5*p. Let i be m(b). Let j = -126 + i. Calculate the remainder when j is divided by 15.
12
Suppose 26*h - 1980 = 29*h. Let c = h - -742. What is the remainder when 322 is divided by c?
76
Suppose m = -3*m + 464. Suppose 67*g - 1135 + 1047 = 2391. What is the remainder when m is divided by g?
5
Let z = 1 + 29. Let n = z + 77. Suppose -5*s - 2*k + 58 = -46, -k = s - 19. Calculate the remainder when n is divided by s.
19
Calculate the remainder when 136 is divided by ((-112)/(-120))/(19/570).
24
Let c = -351 - -517. Suppose g = 3*l + 32, -4*g - 5*l + 25 = -18. What is the remainder when c is divided by g?
13
Suppose 2*q = 4, -13 + 72 = 3*o - 2*q. Let d(s) = -s**3 + 23*s**2 - 27*s - 65. Calculate the remainder when d(o) is divided by 7.
5
Suppose 0 = -2*c - 2*z + 64, 0 = 2*c + c + 2*z - 98. Suppose 0 = -24*s + 25*s - c. What is the remainder when 88 is divided by s?
20
Let q = 18 - 7. Let o be ((-8)/10)/(-4 + (-287)/(-70)). Calculate the 